?
13
What is the remainder when 133 is divided by 23?
18
Calculate the remainder when 1390 is divided by 107.
106
What is the remainder when 281 is divided by 63?
29
What is the remainder when 231 is divided by 120?
111
Calculate the remainder when 1500 is divided by 302.
292
What is the remainder when 354 is divided by 51?
48
Calculate the remainder when 112 is divided by 19.
17
Calculate the remainder when 438 is divided by 22.
20
Calculate the remainder when 836 is divided by 26.
4
What is the remainder when 1138 is divided by 55?
38
What is the remainder when 134 is divided by 50?
34
Calculate the remainder when 350 is divided by 313.
37
Calculate the remainder when 94 is divided by 32.
30
Calculate the remainder when 167 is divided by 27.
5
Calculate the remainder when 94 is divided by 32.
30
Calculate the remainder when 1634 is divided by 1601.
33
Calculate the remainder when 118 is divided by 40.
38
Calculate the remainder when 1226 is divided by 396.
38
What is the remainder when 320 is divided by 25?
20
Calculate the remainder when 283 is divided by 51.
28
Calculate the remainder when 5937 is divided by 44.
41
Calculate the remainder when 555 is divided by 14.
9
What is the remainder when 1025 is divided by 18?
17
Calculate the remainder when 1036 is divided by 40.
36
What is the remainder when 81 is divided by 12?
9
What is the remainder when 148 is divided by 64?
20
What is the remainder when 131 is divided by 4?
3
Calculate the remainder when 8714 is divided by 109.
103
Calculate the remainder when 879 is divided by 868.
11
Calculate the remainder when 16017 is divided by 30.
27
What is the remainder when 3262 is divided by 809?
26
Calculate the remainder when 273 is divided by 79.
36
What is the remainder when 1844 is divided by 9?
8
Calculate the remainder when 588 is divided by 268.
52
Calculate the remainder when 38 is divided by 5.
3
Calculate the remainder when 6 is divided by 4.
2
Calculate the remainder when 89 is divided by 15.
14
Calculate the remainder when 161 is divided by 9.
8
What is the remainder when 144 is divided by 29?
28
What is the remainder when 82 is divided by 35?
12
Calculate the remainder when 145 is divided by 35.
5
What is the remainder when 1293 is divided by 54?
51
What is the remainder when 1511 is divided by 485?
56
What is the remainder when 2312 is divided by 26?
24
What is the remainder when 395 is divided by 11?
10
What is the remainder when 640 is divided by 310?
20
Calculate the remainder when 572 is divided by 58.
50
Calculate the remainder when 121 is divided by 36.
13
Calculate the remainder when 150 is divided by 12.
6
What is the remainder when 11518 is divided by 192?
190
Calculate the remainder when 353 is divided by 100.
53
Calculate the remainder when 112 is divided by 34.
10
What is the remainder when 81 is divided by 30?
21
Calculate the remainder when 334 is divided by 68.
62
What is the remainder when 28 is divided by 5?
3
Calculate the remainder when 1815 is divided by 121.
0
Calculate the remainder when 3637 is divided by 91.
88
Calculate the remainder when 2379 is divided by 195.
39
What is the remainder when 191 is divided by 71?
49
Calculate the remainder when 46 is divided by 10.
6
Calculate the remainder when 35 is divided by 23.
12
What is the remainder when 4024 is divided by 25?
24
Calculate the remainder when 986 is divided by 38.
36
What is the remainder when 78 is divided by 31?
16
Calculate the remainder when 1015 is divided by 212.
167
Calculate the remainder when 750 is divided by 148.
10
Calculate the remainder when 114 is divided by 57.
0
Calculate the remainder when 213 is divided by 36.
33
What is the remainder when 208 is divided by 49?
12
Calculate the remainder when 1540 is divided by 67.
66
Calculate the remainder when 452 is divided by 130.
62
Calculate the remainder when 428 is divided by 12.
8
What is the remainder when 4602 is divided by 62?
14
What is the remainder when 551 is divided by 35?
26
Calculate the remainder when 499 is divided by 28.
23
Calculate the remainder when 70 is divided by 27.
16
Calculate the remainder when 160 is divided by 1.
0
What is the remainder when 872 is divided by 59?
46
What is the remainder when 508 is divided by 102?
100
What is the remainder when 3359 is divided by 35?
34
What is the remainder when 106 is divided by 42?
22
What is the remainder when 216 is divided by 189?
27
What is the remainder when 103 is divided by 40?
23
Calculate the remainder when 713 is divided by 178.
1
What is the remainder when 71 is divided by 15?
11
Calculate the remainder when 14461 is divided by 113.
110
What is the remainder when 107 is divided by 107?
0
What is the remainder when 54 is divided by 26?
2
Calculate the remainder when 273 is divided by 116.
41
What is the remainder when 166 is divided by 85?
81
What is the remainder when 169 is divided by 44?
37
What is the remainder when 117 is divided by 60?
57
Calculate the remainder when 98 is divided by 28.
14
Calculate the remainder when 34 is divided by 15.
4
Calculate the remainder when 6853 is divided by 8.
5
What is the remainder when 921 is divided by 14?
11
Calculate the remainder when 50 is divided by 12.
2
What is the remainder when 232 is divided by 18?
16
What is the remainder when 407 is divided by 6?
5
What is the remainder when 35 is divided by 13?
9
Calculate the remainder when 230 is divided by 39.
35
Calculate the remainder when 4498 is divided by 25.
23
Calculate the remainder when 556 is divided by 184.
4
Calculate the remainder when 42 is divided by 35.
7
Calculate the remainder when 967 is divided by 3.
1
Calculate the remainder when 1156 is divided by 573.
10
Calculate the remainder when 166 is divided by 77.
12
What is the remainder when 31723 is divided by 14?
13
Calculate the remainder when 191 is divided by 32.
31
What is the remainder when 268 is divided by 178?
90
What is the remainder when 295 is divided by 140?
15
What is the remainder when 269 is divided by 108?
53
What is the remainder when 260 is divided by 82?
14
Calculate the remainder when 512 is divided by 151.
59
Calculate the remainder when 89 is divided by 32.
25
Calculate the remainder when 485 is divided by 30.
5
Calculate the remainder when 1658 is divided by 549.
11
What is the remainder when 305 is divided by 201?
104
What is the remainder when 2625 is divided by 6?
3
Calculate the remainder when 8166 is divided by 43.
39
Calculate the remainder when 250 is divided by 55.
30
Calculate the remainder when 306 is divided by 96.
18
What is the remainder when 200 is divided by 32?
8
Calculate the remainder when 9 is divided by 4.
1
What is the remainder when 2123 is divided by 31?
15
What is the remainder when 162 is divided by 48?
18
What is the remainder when 97 is divided by 3?
1
What is the remainder when 1319 is divided by 252?
59
What is the remainder when 236 is divided by 81?
74
What is the remainder when 123 is divided by 43?
37
Calculate the remainder when 1499 is divided by 30.
29
What is the remainder when 629 is divided by 82?
55
Calculate the remainder when 128 is divided by 26.
24
What is the remainder when 174 is divided by 76?
22
Calculate the remainder when 1077 is divided by 18.
15
What is the remainder when 207 is divided by 38?
17
Calculate the remainder when 146 is divided by 15.
11
What is the remainder when 3532 is divided by 35?
32
Calculate the remainder when 1380 is divided by 225.
30
What is the remainder when 261 is divided by 86?
3
Calculate the remainder when 10750 is divided by 91.
12
Calculate the remainder when 139 is divided by 14.
13
Calculate the remainder when 424 is divided by 112.
88
Calculate the remainder when 85 is divided by 24.
13
Calculate the remainder when 840 is divided by 8.
0
Calculate the remainder when 52 is divided by 42.
10
What is the remainder when 458 is divided by 8?
2
Calculate the remainder when 1154 is divided by 383.
5
Calculate the remainder when 294 is divided by 104.
86
Calculate the remainder when 910 is divided by 45.
10
Calculate the remainder when 302 is divided by 38.
36
What is the remainder when 894 is divided by 56?
54
Calculate the remainder when 3843 is divided by 175.
168
Calculate the remainder when 57 is divided